{"id":62,"date":"2021-12-07T21:24:07","date_gmt":"2021-12-07T20:24:07","guid":{"rendered":"http:\/\/www.cie-esqui-mot.fr\/?page_id=62"},"modified":"2026-03-19T13:39:28","modified_gmt":"2026-03-19T12:39:28","slug":"la-petite-fille-aux-amulettes","status":"publish","type":"page","link":"https:\/\/www.cie-esqui-mot.fr\/index.php\/la-petite-fille-aux-amulettes\/","title":{"rendered":"Les amulettes de Marthe"},"content":{"rendered":"\n<p class=\"has-text-align-center has-accent-2-color has-text-color wp-block-paragraph\"><strong>Public familial, enfants \u00e0 partir de 6 ans<\/strong><\/p>\n\n\n\n<p class=\"has-text-align-center has-headings-color has-text-color has-link-color wp-elements-5dc0768f9505cd06a46677caf6819f95 wp-block-paragraph\">45 min<\/p>\n\n\n\n<p class=\"has-text-align-center has-headings-color has-text-color wp-block-paragraph\"><strong>Marionnettes, ombres et masques<\/strong><\/p>\n\n\n\n<p class=\"has-text-align-center has-accent-1-color has-text-color has-large-font-size wp-block-paragraph\">CR\u00c9ATION 2023<\/p>\n\n\n\n<div style=\"height:100px\" aria-hidden=\"true\" class=\"wp-block-spacer\"><\/div>\n\n\n\n<div style=\"height:100px\" aria-hidden=\"true\" class=\"wp-block-spacer\"><\/div>\n\n\n\n<p class=\"wp-block-paragraph\"><em>\u00c9criture et interpr\u00e9tation : <\/em>Marine Communier<\/p>\n\n\n\n<p class=\"wp-block-paragraph\"><em>Mise en sc\u00e8ne : <\/em>Meryl Mourey<\/p>\n\n\n\n<p class=\"wp-block-paragraph\"><em>R\u00e9flexions d\u00e9cor et illustrations : <\/em>Augustin Discart<\/p>\n\n\n\n<p class=\"wp-block-paragraph\"><em>Construction des marionnettes, masques et d\u00e9cors<\/em> : Caroline Dubuisson<\/p>\n\n\n\n<p class=\"wp-block-paragraph\"><em>Cr\u00e9ations musicales :<\/em> Bruno Callies, Amine Mekki-Berrada<\/p>\n\n\n\n<p class=\"wp-block-paragraph\"><em>Avec la participation de<\/em> : Marie, Sandrine, Marc, M\u00e9n\u00e9a et Ma\u00eft\u00e9<\/p>\n\n\n\n<p class=\"wp-block-paragraph\">R\u00e9alisation du teaser et photos : Sophie Bonnin, Rachel Colla<\/p>\n\n\n\n<p class=\"wp-block-paragraph\"><\/p>\n\n\n\n<p class=\"has-headings-color has-text-color wp-block-paragraph\">Un conte terrible et merveilleux sur l\u2019enfance, la n\u00e9cessit\u00e9 de grandir et l\u2019\u00e9mancipation\u2026<\/p>\n\n\n\n<p class=\"has-headings-color has-text-color wp-block-paragraph\">Marthe, petite fille de 7 ans, est propuls\u00e9e \u00e0 des milliers de kilom\u00e8tres de sa maison. Sa maman y est enferm\u00e9e, muette, et ne peut plus chanter la berceuse qui rassure sa fille. Marthe aimerait pouvoir souffler sur les pr\u00e9occupations de sa maman et la serrer dans ses bras.<\/p>\n\n\n\n<p class=\"has-headings-color has-text-color wp-block-paragraph\">Port\u00e9e par le vent, elle part et arpente ses paysages imaginaires. Marthe doit faire preuve de courage et dessiner son chemin \u00e0 travers l\u2019immensit\u00e9 du monde.<\/p>\n\n\n\n<p class=\"has-headings-color has-text-color wp-block-paragraph\">Ponctu\u00e9 d\u2019\u00e9tonnantes rencontres, son voyage lui fait \u00e9prouver la solitude, l\u2019entraide et lui d\u00e9livre des cl\u00e9s de compr\u00e9hension de ses peurs d&#8217;enfant.<\/p>\n\n\n\n<p class=\"has-headings-color has-text-color wp-block-paragraph\">Marthe ose emprunter un chemin qui la fait grandir. Ce chemin la reconduira-t-il chez elle avec l\u00e9g\u00e8ret\u00e9&nbsp;?<\/p>\n\n\n\n<p class=\"wp-block-paragraph\"><\/p>\n\n\n\n<figure class=\"wp-block-gallery has-nested-images columns-default is-cropped wp-block-gallery-1 is-layout-flex wp-block-gallery-is-layout-flex\">\n<figure class=\"wp-block-image size-large\"><img loading=\"lazy\" decoding=\"async\" width=\"1024\" height=\"683\" data-id=\"558\" src=\"https:\/\/www.cie-esqui-mot.fr\/wp-content\/uploads\/2023\/04\/IMG_5383-1024x683.jpg\" alt=\"\" class=\"wp-image-558\" srcset=\"https:\/\/www.cie-esqui-mot.fr\/wp-content\/uploads\/2023\/04\/IMG_5383-1024x683.jpg 1024w, https:\/\/www.cie-esqui-mot.fr\/wp-content\/uploads\/2023\/04\/IMG_5383-300x200.jpg 300w, https:\/\/www.cie-esqui-mot.fr\/wp-content\/uploads\/2023\/04\/IMG_5383-768x512.jpg 768w, https:\/\/www.cie-esqui-mot.fr\/wp-content\/uploads\/2023\/04\/IMG_5383-1536x1024.jpg 1536w, https:\/\/www.cie-esqui-mot.fr\/wp-content\/uploads\/2023\/04\/IMG_5383-2048x1365.jpg 2048w, https:\/\/www.cie-esqui-mot.fr\/wp-content\/uploads\/2023\/04\/IMG_5383-450x300.jpg 450w\" sizes=\"auto, (max-width: 1024px) 100vw, 1024px\" \/><\/figure>\n\n\n\n<figure class=\"wp-block-image size-large\"><img loading=\"lazy\" decoding=\"async\" width=\"1024\" height=\"683\" data-id=\"560\" src=\"https:\/\/www.cie-esqui-mot.fr\/wp-content\/uploads\/2023\/04\/IMG_5430-1024x683.jpg\" alt=\"\" class=\"wp-image-560\" srcset=\"https:\/\/www.cie-esqui-mot.fr\/wp-content\/uploads\/2023\/04\/IMG_5430-1024x683.jpg 1024w, https:\/\/www.cie-esqui-mot.fr\/wp-content\/uploads\/2023\/04\/IMG_5430-300x200.jpg 300w, https:\/\/www.cie-esqui-mot.fr\/wp-content\/uploads\/2023\/04\/IMG_5430-768x512.jpg 768w, https:\/\/www.cie-esqui-mot.fr\/wp-content\/uploads\/2023\/04\/IMG_5430-1536x1024.jpg 1536w, https:\/\/www.cie-esqui-mot.fr\/wp-content\/uploads\/2023\/04\/IMG_5430-2048x1365.jpg 2048w, https:\/\/www.cie-esqui-mot.fr\/wp-content\/uploads\/2023\/04\/IMG_5430-450x300.jpg 450w\" sizes=\"auto, (max-width: 1024px) 100vw, 1024px\" \/><\/figure>\n<\/figure>\n\n\n\n<p class=\"wp-block-paragraph\"><\/p>\n\n\n\n<figure class=\"wp-block-gallery has-nested-images columns-default is-cropped wp-block-gallery-2 is-layout-flex wp-block-gallery-is-layout-flex\">\n<figure class=\"wp-block-image size-large\"><img loading=\"lazy\" decoding=\"async\" width=\"768\" height=\"1024\" data-id=\"833\" src=\"https:\/\/www.cie-esqui-mot.fr\/wp-content\/uploads\/2024\/11\/P1068460-768x1024.jpg\" alt=\"\" class=\"wp-image-833\" srcset=\"https:\/\/www.cie-esqui-mot.fr\/wp-content\/uploads\/2024\/11\/P1068460-768x1024.jpg 768w, https:\/\/www.cie-esqui-mot.fr\/wp-content\/uploads\/2024\/11\/P1068460-225x300.jpg 225w, https:\/\/www.cie-esqui-mot.fr\/wp-content\/uploads\/2024\/11\/P1068460-1152x1536.jpg 1152w, https:\/\/www.cie-esqui-mot.fr\/wp-content\/uploads\/2024\/11\/P1068460-1536x2048.jpg 1536w, https:\/\/www.cie-esqui-mot.fr\/wp-content\/uploads\/2024\/11\/P1068460-scaled.jpg 1920w\" sizes=\"auto, (max-width: 768px) 100vw, 768px\" \/><\/figure>\n\n\n\n<figure class=\"wp-block-image size-large\"><img loading=\"lazy\" decoding=\"async\" width=\"768\" height=\"1024\" data-id=\"834\" src=\"https:\/\/www.cie-esqui-mot.fr\/wp-content\/uploads\/2024\/11\/P1068626-768x1024.jpg\" alt=\"\" class=\"wp-image-834\" srcset=\"https:\/\/www.cie-esqui-mot.fr\/wp-content\/uploads\/2024\/11\/P1068626-768x1024.jpg 768w, https:\/\/www.cie-esqui-mot.fr\/wp-content\/uploads\/2024\/11\/P1068626-225x300.jpg 225w, https:\/\/www.cie-esqui-mot.fr\/wp-content\/uploads\/2024\/11\/P1068626-1152x1536.jpg 1152w, https:\/\/www.cie-esqui-mot.fr\/wp-content\/uploads\/2024\/11\/P1068626-1536x2048.jpg 1536w, https:\/\/www.cie-esqui-mot.fr\/wp-content\/uploads\/2024\/11\/P1068626-scaled.jpg 1920w\" sizes=\"auto, (max-width: 768px) 100vw, 768px\" \/><\/figure>\n\n\n\n<figure class=\"wp-block-image size-large\"><img loading=\"lazy\" decoding=\"async\" width=\"683\" height=\"1024\" data-id=\"691\" src=\"https:\/\/www.cie-esqui-mot.fr\/wp-content\/uploads\/2024\/02\/IMG_5624-683x1024.jpg\" alt=\"\" class=\"wp-image-691\" srcset=\"https:\/\/www.cie-esqui-mot.fr\/wp-content\/uploads\/2024\/02\/IMG_5624-683x1024.jpg 683w, https:\/\/www.cie-esqui-mot.fr\/wp-content\/uploads\/2024\/02\/IMG_5624-200x300.jpg 200w, https:\/\/www.cie-esqui-mot.fr\/wp-content\/uploads\/2024\/02\/IMG_5624-768x1152.jpg 768w, https:\/\/www.cie-esqui-mot.fr\/wp-content\/uploads\/2024\/02\/IMG_5624-1024x1536.jpg 1024w, https:\/\/www.cie-esqui-mot.fr\/wp-content\/uploads\/2024\/02\/IMG_5624-1365x2048.jpg 1365w, https:\/\/www.cie-esqui-mot.fr\/wp-content\/uploads\/2024\/02\/IMG_5624-rotated.jpg 1536w\" sizes=\"auto, (max-width: 683px) 100vw, 683px\" \/><\/figure>\n<\/figure>\n\n\n\n<p class=\"wp-block-paragraph\"><\/p>\n\n\n\n<figure class=\"wp-block-embed is-type-video is-provider-vimeo wp-block-embed-vimeo wp-embed-aspect-16-9 wp-has-aspect-ratio\"><div class=\"wp-block-embed__wrapper\">\n<iframe loading=\"lazy\" title=\"Les amulettes de Marthe - spectacle\" src=\"https:\/\/player.vimeo.com\/video\/1032328547?dnt=1&amp;app_id=122963\" width=\"1032\" height=\"581\" frameborder=\"0\" allow=\"autoplay; fullscreen; picture-in-picture; clipboard-write; encrypted-media; web-share\" referrerpolicy=\"strict-origin-when-cross-origin\"><\/iframe>\n<\/div><\/figure>\n","protected":false},"excerpt":{"rendered":"<p>Public familial, enfants \u00e0 partir de 6 ans 45 min Marionnettes, ombres et masques CR\u00c9ATION 2023 \u00c9criture et interpr\u00e9tation : Marine Communier Mise en sc\u00e8ne &hellip;<\/p>\n","protected":false},"author":1,"featured_media":0,"parent":0,"menu_order":0,"comment_status":"closed","ping_status":"closed","template":"","meta":{"_crdt_document":"","footnotes":""},"class_list":["post-62","page","type-page","status-publish","hentry"],"_links":{"self":[{"href":"https:\/\/www.cie-esqui-mot.fr\/index.php\/wp-json\/wp\/v2\/pages\/62","targetHints":{"allow":["GET"]}}],"collection":[{"href":"https:\/\/www.cie-esqui-mot.fr\/index.php\/wp-json\/wp\/v2\/pages"}],"about":[{"href":"https:\/\/www.cie-esqui-mot.fr\/index.php\/wp-json\/wp\/v2\/types\/page"}],"author":[{"embeddable":true,"href":"https:\/\/www.cie-esqui-mot.fr\/index.php\/wp-json\/wp\/v2\/users\/1"}],"replies":[{"embeddable":true,"href":"https:\/\/www.cie-esqui-mot.fr\/index.php\/wp-json\/wp\/v2\/comments?post=62"}],"version-history":[{"count":30,"href":"https:\/\/www.cie-esqui-mot.fr\/index.php\/wp-json\/wp\/v2\/pages\/62\/revisions"}],"predecessor-version":[{"id":1090,"href":"https:\/\/www.cie-esqui-mot.fr\/index.php\/wp-json\/wp\/v2\/pages\/62\/revisions\/1090"}],"wp:attachment":[{"href":"https:\/\/www.cie-esqui-mot.fr\/index.php\/wp-json\/wp\/v2\/media?parent=62"}],"curies":[{"name":"wp","href":"https:\/\/api.w.org\/{rel}","templated":true}]}}